{"id":2221,"date":"2019-07-09T22:15:48","date_gmt":"2019-07-09T22:15:48","guid":{"rendered":"https:\/\/goya.everthemes.com\/demo-basic\/?page_id=2221"},"modified":"2022-07-27T21:59:14","modified_gmt":"2022-07-27T19:59:14","slug":"contact","status":"publish","type":"page","link":"https:\/\/pountet.fr\/index.php\/contact\/","title":{"rendered":"Contact"},"content":{"rendered":"[vc_row][vc_column]\r\n\t\t<div class=\"et-banner-69d973c89d5da et-banner content-full  height_60 image-type-css text-color-light hover-effect  \"><div class=\"et-banner-image vh-height\" role=\"img\" aria-label=\"DSC03154\" data-image=\"https:\/\/pountet.fr\/wp-content\/uploads\/2021\/12\/DSC03154.jpg\" style=\"background-image: url(https:\/\/pountet.fr\/wp-content\/uploads\/2021\/12\/DSC03154.jpg);\"><\/div>\r\n\t\t<\/div>[\/vc_column][\/vc_row][vc_row][vc_column][vc_empty_space][vc_row_inner et_max_width=&#8221;&#8221; content_placement=&#8221;middle&#8221;][vc_column_inner width=&#8221;1\/2&#8243;][vc_column_text css=&#8221;.vc_custom_1638808381584{margin-bottom: 20px !important;padding-bottom: 20px !important;}&#8221;]\n<h3>Pour nous rendre visite<\/h3>\n<p>GUILLAUME ET AMANDA COMBES<\/p>\n<p>DOMAINE DU POUNTET<br \/>\nRD 626 &#8211; LIEU DIT SAINT AMAND &#8211;<\/p>\n<p>32800 EAUZE &#8211; FRANCE -[\/vc_column_text][\/vc_column_inner][vc_column_inner width=&#8221;1\/2&#8243;][vc_column_text]\n<h3>Nous \u00e9crire<\/h3>\n<p>N&#8217;h\u00e9sitez pas \u00e0 nous \u00e9crire pour toute question :<\/p>\n<h3 class=\"iw\"><span class=\"qu\" tabindex=\"-1\" role=\"gridcell\" translate=\"no\"><span class=\"go\">contact@pountet.com<\/span><\/span><\/h3>\n<p>+33 (0)6 23 84 82 45<\/p>\n<h3 class=\"iw\"><span class=\"qu\" tabindex=\"-1\" role=\"gridcell\" translate=\"no\"><span class=\"go\">\u00a0<\/span><\/span><\/h3>\n[\/vc_column_text][\/vc_column_inner][\/vc_row_inner]\r\n\t\t<div class=\"et-banner-69d973c89db68 et-banner content-full  height_60 image-type-css text-color-light hover-effect  \"><div class=\"et-banner-image vh-height\" role=\"img\" aria-label=\"DJI_0767\" data-image=\"https:\/\/pountet.fr\/wp-content\/uploads\/2022\/07\/DJI_0767.jpg\" style=\"background-image: url(https:\/\/pountet.fr\/wp-content\/uploads\/2022\/07\/DJI_0767.jpg);\"><\/div>\r\n\t\t<\/div>[\/vc_column][\/vc_row]\n","protected":false},"excerpt":{"rendered":"<p>[vc_row][vc_column][\/vc_column][\/vc_row][vc_row][vc_column][vc_empty_space][vc_row_inner et_max_width=&#8221;&#8221; content_placement=&#8221;middle&#8221;][vc_column_inner width=&#8221;1\/2&#8243;][vc_column_text css=&#8221;.vc_custom_1638808381584{margin-bottom: 20px !important;padding-bottom: 20px !important;}&#8221;] Pour nous rendre visite GUILLAUME ET AMANDA COMBES DOMAINE DU POUNTET RD 626 &#8211; LIEU DIT SAINT AMAND &#8211; 32800 EAUZE &#8211; FRANCE -[\/vc_column_text][\/vc_column_inner][vc_column_inner width=&#8221;1\/2&#8243;][vc_column_text] Nous \u00e9crire N&#8217;h\u00e9sitez pas \u00e0 nous \u00e9crire pour toute question : contact@pountet.com +33 (0)6 23 84&hellip;<\/p>\n","protected":false},"author":1,"featured_media":0,"parent":0,"menu_order":0,"comment_status":"closed","ping_status":"closed","template":"","meta":[],"_links":{"self":[{"href":"https:\/\/pountet.fr\/index.php\/wp-json\/wp\/v2\/pages\/2221"}],"collection":[{"href":"https:\/\/pountet.fr\/index.php\/wp-json\/wp\/v2\/pages"}],"about":[{"href":"https:\/\/pountet.fr\/index.php\/wp-json\/wp\/v2\/types\/page"}],"author":[{"embeddable":true,"href":"https:\/\/pountet.fr\/index.php\/wp-json\/wp\/v2\/users\/1"}],"replies":[{"embeddable":true,"href":"https:\/\/pountet.fr\/index.php\/wp-json\/wp\/v2\/comments?post=2221"}],"version-history":[{"count":4,"href":"https:\/\/pountet.fr\/index.php\/wp-json\/wp\/v2\/pages\/2221\/revisions"}],"predecessor-version":[{"id":3799,"href":"https:\/\/pountet.fr\/index.php\/wp-json\/wp\/v2\/pages\/2221\/revisions\/3799"}],"wp:attachment":[{"href":"https:\/\/pountet.fr\/index.php\/wp-json\/wp\/v2\/media?parent=2221"}],"curies":[{"name":"wp","href":"https:\/\/api.w.org\/{rel}","templated":true}]}}