{"id":3109,"date":"2019-10-24T00:57:41","date_gmt":"2019-10-24T00:57:41","guid":{"rendered":"https:\/\/goya.everthemes.com\/demo-fashion\/?page_id=3109"},"modified":"2021-12-14T11:48:07","modified_gmt":"2021-12-14T10:48:07","slug":"privacy-policy-2","status":"publish","type":"page","link":"https:\/\/pountet.fr\/index.php\/privacy-policy-2\/","title":{"rendered":"Politique de confidentialit\u00e9"},"content":{"rendered":"<h3>Politique de confidentialit\u00e9<\/h3>\n<p>&nbsp;<\/p>\n<p>Les donn\u00e9es personnelles collect\u00e9es par notre entreprise (principalement nom, pr\u00e9nom,<br \/>\ncoordonn\u00e9es postales, num\u00e9ro de t\u00e9l\u00e9phone, adresse \u00e9lectronique, coordonn\u00e9es bancaires) sont<br \/>\nenregistr\u00e9es dans son fichier clients. L\u2019ensemble des informations collect\u00e9es sont n\u00e9cessaires \u00e0 la<br \/>\nconclusion et \u00e0 l\u2019ex\u00e9cution du contrat et seront principalement utilis\u00e9es pour la bonne gestion des<br \/>\nrelations avec le client, le traitement des commandes et la promotion des services de l\u2019entreprise.<\/p>\n<p>Les informations personnelles collect\u00e9es seront conserv\u00e9es aussi longtemps que n\u00e9cessaire \u00e0<br \/>\nl\u2019ex\u00e9cution du contrat, \u00e0 l\u2019accomplissement par l\u2019entreprise de ses obligations l\u00e9gales et<br \/>\nr\u00e9glementaires et \u00e0 l\u2019exercice des pr\u00e9rogatives lui \u00e9tant reconnues par la loi et la jurisprudence.<br \/>\nL\u2019acc\u00e8s aux donn\u00e9es personnelles est strictement limit\u00e9 aux employ\u00e9s et pr\u00e9pos\u00e9es de l\u2019entreprise,<br \/>\nhabilit\u00e9s \u00e0 les traiter en raison de leurs fonctions. Les informations recueillies pourront<br \/>\n\u00e9ventuellement \u00eatre communiqu\u00e9es \u00e0 des tiers li\u00e9s \u00e0 l\u2019entreprise par contrat pour l\u2019ex\u00e9cution de<br \/>\nt\u00e2ches sous-trait\u00e9es n\u00e9cessaires \u00e0 la gestion des commandes, sans qu\u2019une autorisation du client soit<br \/>\nn\u00e9cessaire. Il est pr\u00e9cis\u00e9 que, dans le cadre de l\u2019ex\u00e9cution de leurs prestations, les tiers n\u2019ont qu\u2019un<br \/>\nacc\u00e8s limit\u00e9 aux donn\u00e9es et ont l\u2019obligation de les utiliser en conformit\u00e9 avec les dispositions de la<br \/>\nl\u00e9gislation applicable en mati\u00e8re de protection des donn\u00e9es personnelles. En dehors des cas<br \/>\n\u00e9nonc\u00e9s ci-dessus, l\u2019entreprise s\u2019engage \u00e0 ne pas vendre, louer, c\u00e9der ou donner acc\u00e8s \u00e0 des tiers<br \/>\naux donn\u00e9es sans consentement pr\u00e9alable du client, \u00e0 moins d\u2019y \u00eatre contrainte en raison d\u2019un<br \/>\nmotif l\u00e9gitime (obligation l\u00e9gale, lutte contre la fraude ou l\u2019abus, exercice des droits de la d\u00e9fense,<br \/>\netc.).<\/p>\n<p>Les destinataires des donn\u00e9es sont int\u00e9gralement situ\u00e9s au sein de l\u2019Union europ\u00e9enne.<br \/>\nConform\u00e9ment aux dispositions l\u00e9gales et r\u00e8glementaires applicables, le client b\u00e9n\u00e9ficie d\u2019un droit<br \/>\nd\u2019acc\u00e8s, de rectification, de portabilit\u00e9 et d\u2019effacement de ses donn\u00e9es ou encore de limitation du<br \/>\ntraitement. Il peut \u00e9galement, pour des motifs l\u00e9gitimes, s\u2019opposer au traitement des donn\u00e9es le<br \/>\nconcernant. Le client peut, sous r\u00e9serve de la production d\u2019un justificatif d\u2019identit\u00e9 valide, exercer<br \/>\nses droits en contactant le GAEC Domaine du Pountet \u00e0 son si\u00e8ge social par courrier ou mail.<br \/>\nEn cas de difficult\u00e9 en lien avec la gestion de ses donn\u00e9es personnelles, le client peut adresser une<br \/>\nr\u00e9clamation aupr\u00e8s de la Commission Nationale de l\u2019Informatique de des Libert\u00e9s (CNIL) ou de<br \/>\ntoute autre autorit\u00e9 comp\u00e9tente.<\/p>\n","protected":false},"excerpt":{"rendered":"<p>Politique de confidentialit\u00e9 &nbsp; Les donn\u00e9es personnelles collect\u00e9es par notre entreprise (principalement nom, pr\u00e9nom, coordonn\u00e9es postales, num\u00e9ro de t\u00e9l\u00e9phone, adresse \u00e9lectronique, coordonn\u00e9es bancaires) sont enregistr\u00e9es dans son fichier clients. L\u2019ensemble des informations collect\u00e9es sont n\u00e9cessaires \u00e0 la conclusion et \u00e0 l\u2019ex\u00e9cution du contrat et seront principalement utilis\u00e9es pour la bonne&hellip;<\/p>\n","protected":false},"author":1,"featured_media":0,"parent":0,"menu_order":0,"comment_status":"closed","ping_status":"closed","template":"","meta":[],"_links":{"self":[{"href":"https:\/\/pountet.fr\/index.php\/wp-json\/wp\/v2\/pages\/3109"}],"collection":[{"href":"https:\/\/pountet.fr\/index.php\/wp-json\/wp\/v2\/pages"}],"about":[{"href":"https:\/\/pountet.fr\/index.php\/wp-json\/wp\/v2\/types\/page"}],"author":[{"embeddable":true,"href":"https:\/\/pountet.fr\/index.php\/wp-json\/wp\/v2\/users\/1"}],"replies":[{"embeddable":true,"href":"https:\/\/pountet.fr\/index.php\/wp-json\/wp\/v2\/comments?post=3109"}],"version-history":[{"count":2,"href":"https:\/\/pountet.fr\/index.php\/wp-json\/wp\/v2\/pages\/3109\/revisions"}],"predecessor-version":[{"id":3586,"href":"https:\/\/pountet.fr\/index.php\/wp-json\/wp\/v2\/pages\/3109\/revisions\/3586"}],"wp:attachment":[{"href":"https:\/\/pountet.fr\/index.php\/wp-json\/wp\/v2\/media?parent=3109"}],"curies":[{"name":"wp","href":"https:\/\/api.w.org\/{rel}","templated":true}]}}