{"id":72,"date":"2019-03-17T17:19:40","date_gmt":"2019-03-17T17:19:40","guid":{"rendered":"https:\/\/goya.everthemes.com\/demo-basic\/?page_id=72"},"modified":"2024-07-08T16:44:03","modified_gmt":"2024-07-08T14:44:03","slug":"terms-conditions","status":"publish","type":"page","link":"https:\/\/pountet.fr\/index.php\/terms-conditions\/","title":{"rendered":"Conditions g\u00e9n\u00e9rales de vente"},"content":{"rendered":"<h3>\u00a0<\/h3>\n<h3>CONDITIONS G\u00c9N\u00c9RALES DE VENTE<\/h3>\n<p>\u00a0<\/p>\n<p>ARTICLE 1: Les offres faites par le GAEC Domaine du Pountet ou ses repr\u00e9sentants, n&#8217;engagent le GAEC<br \/>Domaine du Pountet qu&#8217;apr\u00e8s envoi de confirmations de commandes par le GAEC Domaine du Pountet, ou<br \/>signatures de march\u00e9s, qui n&#8217;acqui\u00e8rent qu&#8217;\u00e0 cette condition, un caract\u00e8re d\u00e9finitif.<\/p>\n<p>ARTICLE 2 : Toute marchandise est livr\u00e9e et agr\u00e9\u00e9e gare de d\u00e9part, m\u00eame vendue franco, elle voyage aux<br \/>risques et p\u00e9rils du destinataire. La d\u00e9charge de l&#8217;acquit \u00e0 caution incombe au destinataire dans les d\u00e9lais fix\u00e9s<br \/>par la loi.<\/p>\n<p>ARTICLE 3 : En cas de force majeure, tels que gr\u00e8ves, inondations, incendie, lock-out ou tout autre<br \/>emp\u00eachement impr\u00e9visible, les livraisons pourront \u00eatre suspendues pendant la dur\u00e9e de l\u2019emp\u00eachement, ou de<br \/>ses cons\u00e9quences. Aucun retard dans la livraison ou en cours de transport ne pourra \u00eatre invoqu\u00e9 comme motif<br \/>de r\u00e9siliation, et ne sera pas susceptible de fonder une quelconque demande d\u2019indemnit\u00e9.<\/p>\n<p>ARTICLE 4 : En cas de non enl\u00e8vement dans les d\u00e9lais d&#8217;un march\u00e9 dont le terme a \u00e9t\u00e9 fix\u00e9 explicitement sur la<br \/>confirmation, le GAEC Domaine du Pountet se r\u00e9serve la facult\u00e9 d&#8217;aviser son acheteur par lettre recommand\u00e9e<br \/>de son annulation ou de sa retiraison et paiement \u00e0 effet imm\u00e9diat.<\/p>\n<p>ARTICLE 5 : Toutes diff\u00e9rences accidentelles de degr\u00e9, d\u00fbment constat\u00e9es, seront r\u00e9gl\u00e9es sans aucun dommage,<br \/>par r\u00e9faction proportionnelle. En cas de refus de marchandise, le GAEC Domaine du Pountet se r\u00e9serve le droit<br \/>de remplacer ou non.<\/p>\n<p>ARTICLE 6 : Le paiement dans tous les cas doit avoir lieu \u00e0 l\u2019\u00e9ch\u00e9ance fix\u00e9e et dans le cas ou la facture ne porte<br \/>pas d&amp;#39;\u00e9ch\u00e9ance (r\u00e8glement au gr\u00e9 du client), un mois apr\u00e8s la date de facture. De convention expresse et sauf<br \/>report accord\u00e9 par le GAEC Domaine du Pountet, le d\u00e9faut de paiement des fournitures \u00e0 l\u2019\u00e9ch\u00e9ance ainsi fix\u00e9e,<br \/>entra\u00eenera, quelque soit le mode de r\u00e8glement pr\u00e9vu, une indemnit\u00e9 forfaitaire de retard de 40 euros<br \/>conform\u00e9ment au d\u00e9cret 2012-1115\u2028du 2 Octobre 2012 (A compter du 1er janvier 2013, tout professionnel<br \/>en\u2028situation de retard de paiement devient de plein droit d\u00e9biteur, \u00e0 l&#8217;\u00e9gard de son cr\u00e9ancier, outre des p\u00e9nalit\u00e9s<br \/>de\u2028retard, d\u00e9j\u00e0 pr\u00e9vues par la loi, d&#8217;une indemnit\u00e9 forfaitaire pour frais de recouvrement de 40 euros.), une<br \/>intervention contentieuse, et l&#8217;application, \u00e0 titre de dommages et int\u00e9r\u00eats, d\u2019une indemnit\u00e9 \u00e9gale \u00e0 15% de la<br \/>somme impay\u00e9e, outre les frais judiciaires, les int\u00e9r\u00eats l\u00e9gaux, sans pr\u00e9judice des int\u00e9r\u00eats ci-dessus stipul\u00e9s. Des<br \/>frais de proc\u00e9dures et des d\u00e9pens pourront \u00eatre dus par ailleurs.<\/p>\n<p>ARTICLE 7 : Toutes contestations relatives \u00e0 l\u2019ex\u00e9cution ou l\u2019interpr\u00e9tation des march\u00e9s de le GAEC Domaine<br \/>du Pountet seront de la comp\u00e9tence exclusive du Tribunal de Commerce d\u2019Auch, m\u00eame en cas d\u2019appel en<br \/>garantie ou de pluralit\u00e9 de d\u00e9fendeurs.<\/p>\n<p>ARTICLE 8 : Clause de r\u00e9serve de propri\u00e9t\u00e9.<br \/>De convention expresse, le GAEC Domaine du Pountet se r\u00e9serve la propri\u00e9t\u00e9 des marchandises fournies<br \/>jusqu\u2019au dernier jour de leur parfait paiement, conform\u00e9ment aux termes de la loi n\u00b080-335 du 12 mai 1980.<br \/>Elle est en outre subrog\u00e9e sur le prix pour le cas o\u00f9 les marchandises auraient \u00e9t\u00e9 revendues \u00e0 un tiers, alors que<br \/>celui-ci ne les aurait pas pay\u00e9es.<\/p>\n<p>ARTICLE 9 : Les commissions ne sont dues aux courtiers et repr\u00e9sentants que sur les affaires men\u00e9es \u00e0 bonnes<br \/>fins.<\/p>\n<p>ARTICLE 10 : Ces conditions, stipul\u00e9es dans le pr\u00e9sent document ne sont pas susceptibles d\u2019\u00eatre modifi\u00e9es par<br \/>les conditions de vente et autres clauses formul\u00e9es sur les papiers commerciaux ou documents des clients de le<br \/>GAEC Domaine du Pountet.<\/p>\n<p><strong>LITIGE \u2013 MEDIATION DE LA CONSOMMATION<\/strong><\/p>\n<p><em>En cas de litige entre le client et l\u2019entreprise, ceux-ci s\u2019efforceront de le r\u00e9soudre \u00e0 l\u2019amiable (le Client adressera une r\u00e9clamation \u00e9crite aupr\u00e8s du professionnel ou, le cas \u00e9ch\u00e9ant, aupr\u00e8s du Service Relations Client\u00e8le du professionnel).<\/em><em><br \/>A d\u00e9faut d\u2019accord amiable ou en l\u2019absence de r\u00e9ponse du professionnel dans un d\u00e9lai raisonnable d\u2019un (1) mois, le Client consommateur au sens de l\u2019article L.133-4 du code de la consommation a la possibilit\u00e9 de saisir gratuitement, si un d\u00e9saccord subsiste, le m\u00e9diateur comp\u00e9tent inscrit sur la liste des m\u00e9diateurs \u00e9tablie par la Commission d\u2019\u00e9valuation et de contr\u00f4le de la m\u00e9diation de la consommation en application de l\u2019article L.615-1 du code de la consommation, \u00e0 savoir :<br \/>La Soci\u00e9t\u00e9 M\u00e9diation Professionnelle<br \/><a href=\"http:\/\/www.mediateur-consommation-smp.fr\">www.mediateur-consommation-smp.fr<\/a><br \/>24 rue Albert de Mun &#8211; 33000 Bordeaux<\/em><\/p>\n\n","protected":false},"excerpt":{"rendered":"<p>\u00a0 CONDITIONS G\u00c9N\u00c9RALES DE VENTE \u00a0 ARTICLE 1: Les offres faites par le GAEC Domaine du Pountet ou ses repr\u00e9sentants, n&#8217;engagent le GAECDomaine du Pountet qu&#8217;apr\u00e8s envoi de confirmations de commandes par le GAEC Domaine du Pountet, ousignatures de march\u00e9s, qui n&#8217;acqui\u00e8rent qu&#8217;\u00e0 cette condition, un caract\u00e8re d\u00e9finitif. ARTICLE 2&hellip;<\/p>\n","protected":false},"author":1,"featured_media":0,"parent":0,"menu_order":0,"comment_status":"closed","ping_status":"closed","template":"","meta":[],"_links":{"self":[{"href":"https:\/\/pountet.fr\/index.php\/wp-json\/wp\/v2\/pages\/72"}],"collection":[{"href":"https:\/\/pountet.fr\/index.php\/wp-json\/wp\/v2\/pages"}],"about":[{"href":"https:\/\/pountet.fr\/index.php\/wp-json\/wp\/v2\/types\/page"}],"author":[{"embeddable":true,"href":"https:\/\/pountet.fr\/index.php\/wp-json\/wp\/v2\/users\/1"}],"replies":[{"embeddable":true,"href":"https:\/\/pountet.fr\/index.php\/wp-json\/wp\/v2\/comments?post=72"}],"version-history":[{"count":7,"href":"https:\/\/pountet.fr\/index.php\/wp-json\/wp\/v2\/pages\/72\/revisions"}],"predecessor-version":[{"id":3847,"href":"https:\/\/pountet.fr\/index.php\/wp-json\/wp\/v2\/pages\/72\/revisions\/3847"}],"wp:attachment":[{"href":"https:\/\/pountet.fr\/index.php\/wp-json\/wp\/v2\/media?parent=72"}],"curies":[{"name":"wp","href":"https:\/\/api.w.org\/{rel}","templated":true}]}}